 739
What are the prime factors of 26059?
11, 23, 103
What are the prime factors of 3807?
3, 47
List the prime factors of 3157.
7, 11, 41
List the prime factors of 669.
3, 223
List the prime factors of 40931.
11, 61
What are the prime factors of 3449?
3449
What are the prime factors of 232?
2, 29
What are the prime factors of 24344?
2, 17, 179
What are the prime factors of 872?
2, 109
List the prime factors of 10983.
3, 7, 523
List the prime factors of 3796.
2, 13, 73
What are the prime factors of 675?
3, 5
What are the prime factors of 356?
2, 89
List the prime factors of 104.
2, 13
List the prime factors of 27471.
3, 9157
List the prime factors of 6497.
73, 89
What are the prime factors of 4303?
13, 331
List the prime factors of 5597.
29, 193
What are the prime factors of 7199?
23, 313
What are the prime factors of 1677?
3, 13, 43
What are the prime factors of 76170?
2, 3, 5, 2539
What are the prime factors of 300?
2, 3, 5
List the prime factors of 7765.
5, 1553
List the prime factors of 976.
2, 61
List the prime factors of 23341.
17, 1373
What are the prime factors of 41285?
5, 23, 359
What are the prime factors of 42901?
42901
What are the prime factors of 47027?
31, 37, 41
What are the prime factors of 79929?
3, 83, 107
List the prime factors of 115.
5, 23
List the prime factors of 16995.
3, 5, 11, 103
List the prime factors of 21575.
5, 863
List the prime factors of 5270.
2, 5, 17, 31
What are the prime factors of 21762?
2, 3, 13, 31
What are the prime factors of 45886?
2, 22943
What are the prime factors of 1601?
1601
List the prime factors of 7798.
2, 7, 557
List the prime factors of 5444.
2, 1361
List the prime factors of 25760.
2, 5, 7, 23
List the prime factors of 941.
941
What are the prime factors of 1249?
1249
List the prime factors of 83.
83
List the prime factors of 1144.
2, 11, 13
What are the prime factors of 103622?
2, 197, 263
List the prime factors of 1188.
2, 3, 11
List the prime factors of 30079.
7, 4297
List the prime factors of 2448.
2, 3, 17
List the prime factors of 3391.
3391
List the prime factors of 188.
2, 47
List the prime factors of 115.
5, 23
What are the prime factors of 147?
3, 7
List the prime factors of 67031.
17, 3943
List the prime factors of 5529.
3, 19, 97
What are the prime factors of 1465?
5, 293
List the prime factors of 96313.
7, 13759
What are the prime factors of 16636?
2, 4159
What are the prime factors of 17229?
3, 5743
List the prime factors of 52572.
2, 3, 13, 337
List the prime factors of 10127.
13, 19, 41
List the prime factors of 28126.
2, 7, 41
What are the prime factors of 1761?
3, 587
List the prime factors of 83325.
3, 5, 11, 101
List the prime factors of 1387.
19, 73
What are the prime factors of 95723?
95723
What are the prime factors of 5705?
5, 7, 163
What are the prime factors of 2442?
2, 3, 11, 37
What are the prime factors of 35?
5, 7
What are the prime factors of 1839?
3, 613
What are the prime factors of 16530?
2, 3, 5, 19, 29
List the prime factors of 2478.
2, 3, 7, 59
List the prime factors of 1534.
2, 13, 59
List the prime factors of 38533.
11, 31, 113
List the prime factors of 5585.
5, 1117
List the prime factors of 1533.
3, 7, 73
List the prime factors of 11412.
2, 3, 317
What are the prime factors of 80928?
2, 3, 281
List the prime factors of 30385.
5, 59, 103
What are the prime factors of 12326?
2, 6163
List the prime factors of 34811.
7, 4973
List the prime factors of 978.
2, 3, 163
What are the prime factors of 35920?
2, 5, 449
What are the prime factors of 1514?
2, 757
What are the prime factors of 34737?
3, 11579
What are the prime factors of 16592?
2, 17, 61
List the prime factors of 422.
2, 211
List the prime factors of 1501.
19, 79
What are the prime factors of 58331?
7, 13, 641
What are the prime factors of 315?
3, 5, 7
List the prime factors of 575.
5, 23
List the prime factors of 34607.
34607
List the prime factors of 14011.
14011
What are the prime factors of 8787?
3, 29, 101
What are the prime factors of 5872?
2, 367
List the prime factors of 1669.
1669
List the prime factors of 936.
2, 3, 13
What are the prime factors of 17381?
7, 13, 191
List the prime factors of 398.
2, 199
List the prime factors of 2296.
2, 7, 41
What are the prime factors of 16933?
7, 41, 59
What are the prime factors of 9629?
9629
List the prime factors of 55925.
5, 2237
List the prime factors of 71653.
79, 907
List the prime factors of 5930.
2, 5, 593
What are the prime factors of 28660?
2, 5, 1433
What are the prime factors of 49634?
2, 13, 23, 83
What are the prime factors of 342?
2, 3, 19
What are the prime factors of 4088?
2, 7, 73
What are the prime factors of 17373?
3, 5791
List the prime factors of 3304.
2, 7, 59
What are the prime factors of 124214?
2, 173, 359
List the prime factors of 7656.
2, 3, 11, 29
List the prime factors of 663.
3, 13, 17
What are the prime factors of 600?
2, 3, 5
What are the prime factors of 55627?
11, 13, 389
What are the prime factors of 15175?
5, 607
List the prime factors of 12010.
2, 5, 1201
List the prime factors of 8114.
2, 4057
List the prime factors of 937.
937
List the prime factors of 26492.
2, 37, 179
List the prime factors of 118.
2, 59
List the prime factors of 8193.
3, 2731
What are the prime factors of 4000?
2, 5
List the prime factors of 53043.
3, 17681
What are the prime factors of 3381?
3, 7, 23
What are the prime factors of 550?
2, 5, 11
List the prime factors of 5865.
3, 5, 17, 23
List the prime factors of 22992.
2, 3, 479
What are the prime factors of 6880?
2, 5, 43
List the prime factors of 513.
3, 19
What are the prime factors of 80067?
3, 13, 2053
List the prime factors of 2720.
2, 5, 17
What are the prime factors of 1076?
2, 269
What are the prime factors of 21445?
5, 4289
What are the prime factors of 149?
149
List the prime factors of 107.
107
What are the prime factors of 1883?
7, 269
What are the prime factors of 869?
11, 79
What are the prime factors of 57290?
2, 5, 17, 337
What are the prime factors of 16655?
5, 3331
List the prime factors of 2783.
11, 23
List the prime factors of 12655.
5, 2531
List the prime factors of 15228.
2, 3, 47
What are the prime factors of 238?
2, 7, 17
What are the prime factors of 32930?
2, 5, 37, 89
What are the prime factors of 943?
23, 41
What are the prime factors of 1414?
2, 7, 101
What are the prime factors of 10503?
3, 389
List the prime factors of 5308.
2, 1327
List the prime factors of 491.
491
What are the prime factors of 19304?
2, 19, 127
List the prime factors of 28480.
2, 5, 89
List the prime factors of 745.
5, 149
List the prime factors of 84397.
37, 2281
List the prime factors of 556.
2, 139
What are the prime factors of 951?
3, 317
What are the prime factors of 39260?
2, 5, 13, 151
What are the prime factors of 76?
2, 19
What are the prime factors of 1357?
23, 59
What are the prime factors of 1653?
3, 19, 29
List the prime factors of 4453.
61, 73
List the prime factors of 10006.
2, 5003
List the prime factors of 982.
2, 491
List the prime factors of 8944.
2, 13, 43
List the prime factors of 1665.
3, 5, 37
What are the prime factors of 19263?
3, 6421
List the prime factors of 11796.
2, 3, 983
What are the prime factors of 6364?
2, 37, 43
What are the prime factors of 21096?
2, 3, 293
List the prime factors of 21698.
2, 19, 571
List the prime factors of 1454.
2, 727
What are the prime factors of 5187?
3, 7, 13, 19
What are the prime factors of 143640?
2, 3, 5, 7, 19
List the prime factors of 4641.
3, 7, 13, 17
List the prime factors of 848.
2, 53
List the prime factors of 30797.
13, 23, 103
List the prime factors of 7366.
2, 29, 127
List the prime factors of 3066.
2, 3, 7, 73
What are the prime factors of 140843?
127, 1109
What are the prime factors of 12179?
19, 641
List the prime factors of 1724.
2, 431
What are the prime factors of 25262?
2, 17, 743
What are the prime factors of 26280?
2, 3, 5, 73
What are the prime factors of 2989?
7, 61
What are the prime factors of 1379?
7, 197
What are the prime factors of 596?
2, 149
List the prime factors of 7460.
2, 5, 373
List the prime factors of 65823.
3, 37, 593
List the prime factors of 12210.
2, 3, 5, 11, 37
What are the prime factors of 16327?
29, 563
What are the prime factors of 2107?
7, 43
List the prime factors of 211